{"id":11692,"date":"2025-06-26T11:52:35","date_gmt":"2025-06-26T09:52:35","guid":{"rendered":"https:\/\/amministrazionetrasparente.uniroma2.it\/?page_id=11692"},"modified":"2025-07-03T08:08:38","modified_gmt":"2025-07-03T06:08:38","slug":"inconferibilita-ing-domenico-genovese","status":"publish","type":"page","link":"https:\/\/amministrazionetrasparente.uniroma2.it\/?page_id=11692","title":{"rendered":"Inconferibilit\u00e0 Ing. Domenico Genovese"},"content":{"rendered":"<h5><a href=\"http:\/\/amministrazionetrasparente.uniroma2.it\/wp-content\/uploads\/2025\/07\/GEN-INCONF-2025_compressed.pdf\"><strong>Inconferibilit\u00e0 <\/strong><strong>(2025)<\/strong><\/a><\/h5>\n<hr \/>\n<h5><a href=\"http:\/\/amministrazionetrasparente.uniroma2.it\/wp-content\/uploads\/2025\/07\/GEN-INCONF-2024.pdf\"><strong>Inconferibilit\u00e0 <\/strong><strong>(2024)<\/strong><\/a><\/h5>\n<hr \/>\n<h5><a href=\"http:\/\/amministrazionetrasparente.uniroma2.it\/wp-content\/uploads\/2025\/07\/GEN-INCONF-2023.pdf\"><strong>Inconferibilit\u00e0 <\/strong><strong>(2023)<\/strong><\/a><\/h5>\n<hr \/>\n<h5><a href=\"http:\/\/amministrazionetrasparente.uniroma2.it\/wp-content\/uploads\/2025\/07\/GEN-INCONF-2022.pdf\"><strong>Inconferibilit\u00e0 (2022)<\/strong><\/a><\/h5>\n","protected":false},"excerpt":{"rendered":"<p>Inconferibilit\u00e0 (2025) Inconferibilit\u00e0 (2024) Inconferibilit\u00e0 (2023) Inconferibilit\u00e0 (2022)<\/p>\n","protected":false},"author":1001013,"featured_media":0,"parent":0,"menu_order":0,"comment_status":"closed","ping_status":"closed","template":"","meta":{"footnotes":""},"class_list":["post-11692","page","type-page","status-publish","hentry"],"_links":{"self":[{"href":"https:\/\/amministrazionetrasparente.uniroma2.it\/index.php?rest_route=\/wp\/v2\/pages\/11692","targetHints":{"allow":["GET"]}}],"collection":[{"href":"https:\/\/amministrazionetrasparente.uniroma2.it\/index.php?rest_route=\/wp\/v2\/pages"}],"about":[{"href":"https:\/\/amministrazionetrasparente.uniroma2.it\/index.php?rest_route=\/wp\/v2\/types\/page"}],"author":[{"embeddable":true,"href":"https:\/\/amministrazionetrasparente.uniroma2.it\/index.php?rest_route=\/wp\/v2\/users\/1001013"}],"replies":[{"embeddable":true,"href":"https:\/\/amministrazionetrasparente.uniroma2.it\/index.php?rest_route=%2Fwp%2Fv2%2Fcomments&post=11692"}],"version-history":[{"count":5,"href":"https:\/\/amministrazionetrasparente.uniroma2.it\/index.php?rest_route=\/wp\/v2\/pages\/11692\/revisions"}],"predecessor-version":[{"id":11777,"href":"https:\/\/amministrazionetrasparente.uniroma2.it\/index.php?rest_route=\/wp\/v2\/pages\/11692\/revisions\/11777"}],"wp:attachment":[{"href":"https:\/\/amministrazionetrasparente.uniroma2.it\/index.php?rest_route=%2Fwp%2Fv2%2Fmedia&parent=11692"}],"curies":[{"name":"wp","href":"https:\/\/api.w.org\/{rel}","templated":true}]}}