{"id":234,"date":"2013-05-07T12:57:39","date_gmt":"2013-05-07T10:57:39","guid":{"rendered":"http:\/\/trasparenza.test.uniroma2.it\/?page_id=234"},"modified":"2018-12-04T12:40:53","modified_gmt":"2018-12-04T11:40:53","slug":"disposizioni-sostitutive-e-acquisizione-dufficio-dei-dati","status":"publish","type":"page","link":"https:\/\/amministrazionetrasparente.uniroma2.it\/?page_id=234","title":{"rendered":"Dichiarazioni sostitutive e acquisizione d&#8217;ufficio dei dati"},"content":{"rendered":"<p style=\"text-align: justify;\">Ai sensi della normativa vigente, l&#8217;Ateneo effettua \u00a0i previsti controlli su tutti i procedimenti, in forma\u00a0puntuale o a campione,\u00a0dove \u00e8 prevista la possibilit\u00e0 dell&#8217;autocertificazione, e comunque in tutti i casi in cui sorgono fondati dubbi sulla veridicit\u00e0 dei contenuti\u00a0delle stesse.<\/p>\n<p>Gli Uffici preposti al controllo sono gli stessi responsabili del procedimento.<\/p>\n<p>Per completezza si riporta:<\/p>\n<ul>\n<li><a href=\"http:\/\/web.uniroma2.it\/module\/name\/Content\/newlang\/italiano\/action\/showpage\/navpath\/CAM\/content_id\/61106\/section_id\/1216\">Regolamento per l\u2019autocertificazione e la verifica dei compiti didattici e di servizio agli studenti e dell\u2019attivit\u00e0 di ricerca dei professori e ricercatori ai sensi dell\u2019art. 6, comma 7, della legge 30\/12\/2010, n. 240<\/a><\/li>\n<li><a href=\"http:\/\/web.uniroma2.it\/modules.php?name=Content&amp;action=showpage&amp;content_id=15399&amp;section_id=1216\">Regolamento sulla disciplina dei procedimenti amministrativi (D.R. n. 577 del 11\/02\/2013<\/a>)<\/li>\n<\/ul>\n<h1><span style=\"color: #000000; font-weight: bold;\">\u00a0<\/span><\/h1>\n","protected":false},"excerpt":{"rendered":"<p>Ai sensi della normativa vigente, l&#8217;Ateneo effettua \u00a0i previsti controlli su tutti i procedimenti, in forma\u00a0puntuale o a campione,\u00a0dove \u00e8 prevista la possibilit\u00e0 dell&#8217;autocertificazione, e comunque in tutti i casi in cui sorgono fondati dubbi sulla veridicit\u00e0 dei contenuti\u00a0delle stesse. &hellip; <a href=\"https:\/\/amministrazionetrasparente.uniroma2.it\/?page_id=234\">Continua a leggere<span class=\"meta-nav\">&rarr;<\/span><\/a><\/p>\n","protected":false},"author":1,"featured_media":0,"parent":226,"menu_order":0,"comment_status":"closed","ping_status":"closed","template":"sidebar-page.php","meta":{"footnotes":""},"class_list":["post-234","page","type-page","status-publish","hentry"],"_links":{"self":[{"href":"https:\/\/amministrazionetrasparente.uniroma2.it\/index.php?rest_route=\/wp\/v2\/pages\/234","targetHints":{"allow":["GET"]}}],"collection":[{"href":"https:\/\/amministrazionetrasparente.uniroma2.it\/index.php?rest_route=\/wp\/v2\/pages"}],"about":[{"href":"https:\/\/amministrazionetrasparente.uniroma2.it\/index.php?rest_route=\/wp\/v2\/types\/page"}],"author":[{"embeddable":true,"href":"https:\/\/amministrazionetrasparente.uniroma2.it\/index.php?rest_route=\/wp\/v2\/users\/1"}],"replies":[{"embeddable":true,"href":"https:\/\/amministrazionetrasparente.uniroma2.it\/index.php?rest_route=%2Fwp%2Fv2%2Fcomments&post=234"}],"version-history":[{"count":25,"href":"https:\/\/amministrazionetrasparente.uniroma2.it\/index.php?rest_route=\/wp\/v2\/pages\/234\/revisions"}],"predecessor-version":[{"id":1098,"href":"https:\/\/amministrazionetrasparente.uniroma2.it\/index.php?rest_route=\/wp\/v2\/pages\/234\/revisions\/1098"}],"up":[{"embeddable":true,"href":"https:\/\/amministrazionetrasparente.uniroma2.it\/index.php?rest_route=\/wp\/v2\/pages\/226"}],"wp:attachment":[{"href":"https:\/\/amministrazionetrasparente.uniroma2.it\/index.php?rest_route=%2Fwp%2Fv2%2Fmedia&parent=234"}],"curies":[{"name":"wp","href":"https:\/\/api.w.org\/{rel}","templated":true}]}}