{"id":6076,"date":"2018-05-24T15:46:15","date_gmt":"2018-05-24T13:46:15","guid":{"rendered":"http:\/\/amministrazionetrasparente.uniroma2.it\/?page_id=6076"},"modified":"2026-01-30T11:22:16","modified_gmt":"2026-01-30T10:22:16","slug":"personale-universitario-con-incarico-assistenziale-ex-art-5-del-d-lgs-517-99","status":"publish","type":"page","link":"https:\/\/amministrazionetrasparente.uniroma2.it\/?page_id=6076","title":{"rendered":"Personale universitario con incarico assistenziale ex art.5 del D.Lgs 517\/99"},"content":{"rendered":"<p>Ai sensi dell&#8217;art.15, comma 7 bis, lett. d) del D.Lgs n. 502\/92 si pubblica l&#8217;elenco del personale titolare delle UU.OO.CC. a direzione universitaria.<\/p>\n<hr \/>\n<h6><em>Elenco dei docenti medici universitari con funzioni assistenziali, fornito il 29\/01\/2026 dalla Direzione III \u2013 Divisione 2 \u2013 Ripartizione\u00a0 3 \u201cDe Maria e Specializzazioni\u201d<\/em>\u201d<\/h6>\n<h6><a href=\"http:\/\/amministrazionetrasparente.uniroma2.it\/wp-content\/uploads\/2026\/01\/Elenco_convenzionati_incarichi_II_semestre_2025_PTV_signed.pdf\">PTV<\/a>,\u00a0<a href=\"http:\/\/amministrazionetrasparente.uniroma2.it\/wp-content\/uploads\/2026\/01\/Elenco_convenzionati_incarichi_II_semestre_2025_altre_Sedi_signed.pdf\">Altre sedi\u00a0<\/a> e \u00a0<a href=\"https:\/\/amministrazionetrasparente.uniroma2.it\/wp-content\/uploads\/2026\/01\/Elenco_convenzionati_incarichi_II_semestre_2025.xlsx\">Elenco in excel<\/a><\/h6>\n<h6><\/h6>\n<h6><em>Elenco dei docenti medici universitari con funzioni assistenziali, fornito il 30\/07\/2025 dalla Direzione III \u2013 Divisione 2 \u2013 Ripartizione\u00a0 3 \u201cDe Maria e Specializzazioni\u201d<\/em>\u201d<\/h6>\n<h6><a href=\"http:\/\/amministrazionetrasparente.uniroma2.it\/wp-content\/uploads\/2025\/07\/Elenco_convenzionati_incarichi_I_semestre_2025_PTV_signed.pdf\">PTV<\/a>,\u00a0<a href=\"http:\/\/amministrazionetrasparente.uniroma2.it\/wp-content\/uploads\/2025\/07\/Elenco_convenzionati_incarichi_I_semestre_2025_altre_Sedi_signed.pdf\">Altre sedi<\/a>\u00a0 e \u00a0<a href=\"https:\/\/amministrazionetrasparente.uniroma2.it\/wp-content\/uploads\/2025\/07\/Elenco_convenzionati_incarichi_I_semestre_2025.xlsx\">Elenco in excel<\/a><\/h6>\n<h6><\/h6>\n<h6><em>Elenco dei docenti medici universitari con funzioni assistenziali, fornito il 31\/01\/2025 dalla Direzione III \u2013 Divisione 2 \u2013 Ripartizione\u00a0 3 \u201cDe Maria e Specializzazioni\u201d<\/em>\u201d<\/h6>\n<h6><a href=\"http:\/\/amministrazionetrasparente.uniroma2.it\/wp-content\/uploads\/2025\/02\/Elenco_convenzionati_incarichi_II_semestre_2024_PTV_signed.pdf\">PTV<\/a>,\u00a0<a href=\"http:\/\/amministrazionetrasparente.uniroma2.it\/wp-content\/uploads\/2025\/02\/Elenco_convenzionati_incarichi_II_semestre_2024_altre_Sedi_signed.pdf\">Altre sedi<\/a>\u00a0 e \u00a0<a href=\"https:\/\/amministrazionetrasparente.uniroma2.it\/wp-content\/uploads\/2025\/02\/Elenco_convenzionati_incarichi_II_semestre_2024.xlsx\">Elenco in excel<\/a><\/h6>\n<h6><\/h6>\n<h6><\/h6>\n<h6><em>Elenco dei docenti medici universitari con funzioni assistenziali, fornito il 04\/07\/2024 dalla Direzione III \u2013 Divisione 2 \u2013 Ripartizione\u00a0 3 \u201cDe Maria e Specializzazioni\u201d<\/em>\u201d<strong><br \/>\n<\/strong><a href=\"http:\/\/amministrazionetrasparente.uniroma2.it\/wp-content\/uploads\/2024\/07\/Elenco_convenzionati_incarichi_I_semestre_2024_Policlinico_Tor_Vergata.pdf\">PTV<\/a>, <a href=\"http:\/\/amministrazionetrasparente.uniroma2.it\/wp-content\/uploads\/2024\/07\/Elenco_convenzionati_incarichi_I_semestre_2024_altre_Sedi.pdf\">Altre sedi<\/a>\u00a0 e \u00a0<a href=\"https:\/\/amministrazionetrasparente.uniroma2.it\/wp-content\/uploads\/2024\/07\/Elenco_convenzionati_incarichi_I_semestre_2024_rev.xlsx\">Elenco in excel<\/a><\/h6>\n<p>&nbsp;<\/p>\n<h6><em>Elenco dei docenti medici universitari con funzioni assistenziali, fornito il 22\/01\/2024 dalla Direzione III \u2013 Divisione 2 \u2013 Ripartizione\u00a0 3 \u201cDe Maria e Specializzazioni\u201d<\/em>\u201d<strong><br \/>\n<\/strong><a href=\"http:\/\/amministrazionetrasparente.uniroma2.it\/wp-content\/uploads\/2024\/01\/Elenco_convenzionati_PTV_incarichi_II_semestre_2023_signed.pdf\">PTV<\/a>, <a href=\"http:\/\/amministrazionetrasparente.uniroma2.it\/wp-content\/uploads\/2024\/01\/Elenco_convenzionati_altre_Sedi_incarichi_II_semestre_2023_signed.pdf\">Altre sedi\u00a0<\/a> e \u00a0<a href=\"http:\/\/amministrazionetrasparente.uniroma2.it\/wp-content\/uploads\/2024\/01\/Elenco_convenzionati_incarichi_II_semestre_2023.xlsx\">Elenco in excel<\/a><\/h6>\n<p>&nbsp;<\/p>\n<h6><em>Elenco dei docenti medici universitari con funzioni assistenziali, fornito il 12\/07\/2023 dalla Direzione III \u2013 Divisione 2 \u2013 Ripartizione\u00a0 3 \u201cDe Maria e Specializzazioni\u201d<\/em>\u201d<strong><br \/>\n<\/strong><a href=\"http:\/\/amministrazionetrasparente.uniroma2.it\/wp-content\/uploads\/2023\/07\/Elenco_convenzionati_PTV_incarichi_I_semestre_2023_signed.pdf\">PTV<\/a>, <a href=\"http:\/\/amministrazionetrasparente.uniroma2.it\/wp-content\/uploads\/2023\/07\/Elenco_convenzionati_altre_Sedi_incarichi_I_semestre_2023_signed.pdf\">Altre sedi<\/a>\u00a0 e \u00a0<a href=\"http:\/\/amministrazionetrasparente.uniroma2.it\/wp-content\/uploads\/2023\/07\/Elenco_convenzionati_incarichi_I_semestre_2023.xlsx\">Elenco in excel<\/a><\/h6>\n<h6><\/h6>\n<p>&nbsp;<\/p>\n<h6><em>Elenco dei docenti medici universitari con funzioni assistenziali, fornito l&#8217; 9\/02\/2023 dalla Direzione III \u2013 Divisione 2 \u2013 Ripartizione\u00a0 3 \u201cDe Maria e Specializzazioni\u201d<\/em>\u201d<strong><br \/>\n<\/strong><a href=\"http:\/\/amministrazionetrasparente.uniroma2.it\/wp-content\/uploads\/2023\/02\/Elenco_convenzionati_incarichi_II_semestre_2022_PTV_signed.pdf\">PTV<\/a>, <a href=\"http:\/\/amministrazionetrasparente.uniroma2.it\/wp-content\/uploads\/2023\/02\/Elenco_convenzionati_incarichi_II_semestre_2022_altre_sedi_signed.pdf\">Altre sedi<\/a>\u00a0 e <a href=\"http:\/\/amministrazionetrasparente.uniroma2.it\/wp-content\/uploads\/2023\/02\/Elenco_convenzionati_incarichi_II_semestre_2022_PTV-e-sedi-esterne.xlsx\">\u00a0Elenco in excel<\/a><\/h6>\n<h6><\/h6>\n<p>&nbsp;<\/p>\n<h6><em>Elenco dei docenti medici universitari con funzioni assistenziali, fornito l&#8217; 11\/07\/2022 dalla Direzione III \u2013 Divisione 2 \u2013 Ripartizione\u00a0 3 \u201cDe Maria e Specializzazioni\u201d<\/em>\u201d<strong><br \/>\n<\/strong><a href=\"http:\/\/amministrazionetrasparente.uniroma2.it\/wp-content\/uploads\/2022\/09\/Elenco_convenzionati_incarichi_I_semestre_2022_Policlinico_Tor_Vergata_rev.pdf\">PTV<\/a>, <a href=\"http:\/\/amministrazionetrasparente.uniroma2.it\/wp-content\/uploads\/2022\/07\/Elenco_convenzionati_incarichi_I_semestre_2022_Altre_Sedi.pdf\">Altre sedi<\/a>\u00a0 e \u00a0<a href=\"http:\/\/amministrazionetrasparente.uniroma2.it\/wp-content\/uploads\/2022\/07\/Elenco_convenzionati_incarichi_I_semestre_2022.xlsx\">Elenco in excel<\/a><\/h6>\n<h6><\/h6>\n<p>&nbsp;<\/p>\n<h6><em>Elenco dei docenti medici universitari con funzioni assistenziali,\u00a0fornito il 7\/02\/2022 dalla Direzione III \u2013 Divisione 2 \u2013 Ripartizione\u00a0 3 \u201cDe Maria e Specializzazioni\u201d<\/em>\u201d<strong><br \/>\n<\/strong><a href=\"http:\/\/amministrazionetrasparente.uniroma2.it\/wp-content\/uploads\/2022\/02\/Elenco_convenzionati_incarichi_II_semestre_2021-TOT.pdf\">E<\/a><a href=\"http:\/\/amministrazionetrasparente.uniroma2.it\/wp-content\/uploads\/2022\/02\/Elenco_convenzionati_incarichi_II_semestre_2021-TOT.pdf\">lenco in pdf<\/a> \u00a0e \u00a0<a href=\"http:\/\/amministrazionetrasparente.uniroma2.it\/wp-content\/uploads\/2022\/02\/Elenco_convenzionati_incarichi_II_semestre_2021.xlsx\">Elenco in excel<\/a><\/h6>\n<h6><\/h6>\n<p>&nbsp;<\/p>\n<h6><em>Elenco dei docenti medici universitari con funzioni assistenziali,\u00a0fornito il 29\/07\/2021 dalla Direzione III \u2013 Divisione 2 \u2013 Ripartizione\u00a0 3 \u201cDe Maria e Specializzazioni\u201d<\/em>\u201d<br \/>\n<a href=\"http:\/\/amministrazionetrasparente.uniroma2.it\/wp-content\/uploads\/2013\/05\/Elenco_convenzionati_incarichi_e_indennit\u00e0_file_aggiornato_al_2021_07-1.pdf\">Elenco in pdf<\/a>\u00a0 \u00a0e\u00a0 <a href=\"http:\/\/amministrazionetrasparente.uniroma2.it\/wp-content\/uploads\/2013\/05\/Elenco_convenzionati_incarichi_e_indennit\u00e0_file_aggiornato_al_2021_07.xlsx\">Elenco in excel<\/a><\/h6>\n<h6><\/h6>\n<p>&nbsp;<\/p>\n<h6>Elenco dei docenti medici universitari con funzioni assistenziali,\u00a0fornito il 21\/01\/2021 dalla Direzione III \u2013 Divisione 2 \u2013 Ripartizione\u00a0 3 \u201cDe Maria e Specializzazioni&#8221;:<br \/>\n<a href=\"http:\/\/amministrazionetrasparente.uniroma2.it\/wp-content\/uploads\/2013\/05\/Allegato-senza-titolo-00098.pdf\">Elenco in pdf <\/a>\u00a0 e\u00a0 \u00a0<a href=\"http:\/\/amministrazionetrasparente.uniroma2.it\/wp-content\/uploads\/2013\/05\/Allegato-senza-titolo-00101.xlsx\">Elenco in excel<\/a><\/h6>\n<h6><\/h6>\n<p>&nbsp;<\/p>\n<h6>Elenco dei docenti medici universitari con funzioni assistenziali,\u00a0fornito il 14\/01\/2020 dalla Direzione III \u2013 Divisione 2 \u2013 Ripartizione\u00a0 3 \u201cDe Maria e Specializzazioni\u201d\u201d<br \/>\n<a href=\"http:\/\/amministrazionetrasparente.uniroma2.it\/wp-content\/uploads\/2022\/04\/Elenco_convenzionati_incarichi_e_indennita_file_aggiornato_al_2020_14_01_revisione_2022_Policlinico_Tor_Vergata-unito.pdf\">Elenco in pdf <\/a>\u00a0e\u00a0\u00a0 <a href=\"http:\/\/amministrazionetrasparente.uniroma2.it\/wp-content\/uploads\/2022\/04\/Elenco_convenzionati_incarichi_e_indennita_file_aggiornato_al_2020_14_01_revisione_2022.xlsx\">Elenco in excel<\/a><\/h6>\n<p>&nbsp;<\/p>\n<h3>(*)Legenda:<\/h3>\n<ul>\n<li>\n<h3><strong>Unit\u00e0 Opertative Complesse &#8211; U.O.C.:\u00a0<\/strong>L\u2019Unit\u00e0 Organizzativa Complessa (UOC) ha significativa dimensione quali-quantitativa dell\u2019attivit\u00e0 e delle risorse professionali utilizzate, \u00e8 dotata di responsabilit\u00e0 di budget ed opera, per le specifiche competenze, in autonomia tecnico-professionale e gestionale organizzativa con responsabilit\u00e0 piena dell\u2019utilizzo delle risorse in relazione agli obiettivi assegnati.<\/h3>\n<\/li>\n<li>\n<h3><strong>Unit\u00e0 Operative Semplici Dipartimentiali &#8211; U.O.S.D.:<\/strong>\u00a0L\u2019Unit\u00e0 operativa semplice dipartimentale (UOSD), \u00e8 un\u2019articolazione organizzativa, non ricompresa nella UOC, caratterizzata da un\u2019adeguata dimensione quali-quantitativa dell\u2019attivit\u00e0 e delle risorse professionali utilizzate, direttamente afferen te al Dipartimento, o all\u2019Area funzionale, o alle aree di staff della Direzione aziendale.<\/h3>\n<\/li>\n<li>\n<h3><strong>Unit\u00e0 Operative Semplici &#8211; U.O.S.:\u00a0<\/strong>L\u2019Unit\u00e0 Operativa Semplice (UOS) \u00e8 l\u2019articolazione interna della Unit\u00e0 operativa complessa. Alla UOS \u00e8 attribuita la responsabilit\u00e0 limitata di gestione di risorse umane, strutturali, tecniche e finanziarie per l\u2019assolvimento delle funzioni assegnate pertinenti alla UOC e del cui utilizzo, ai fini del budget, la UOS risponde al Direttore della UOC.<\/h3>\n<\/li>\n<\/ul>\n","protected":false},"excerpt":{"rendered":"<p>Ai sensi dell&#8217;art.15, comma 7 bis, lett. d) del D.Lgs n. 502\/92 si pubblica l&#8217;elenco del personale titolare delle UU.OO.CC. a direzione universitaria. Elenco dei docenti medici universitari con funzioni assistenziali, fornito il 29\/01\/2026 dalla Direzione III \u2013 Divisione 2 &hellip; <a href=\"https:\/\/amministrazionetrasparente.uniroma2.it\/?page_id=6076\">Continua a leggere<span class=\"meta-nav\">&rarr;<\/span><\/a><\/p>\n","protected":false},"author":1,"featured_media":0,"parent":156,"menu_order":0,"comment_status":"closed","ping_status":"closed","template":"sidebar-page.php","meta":{"footnotes":""},"class_list":["post-6076","page","type-page","status-publish","hentry"],"_links":{"self":[{"href":"https:\/\/amministrazionetrasparente.uniroma2.it\/index.php?rest_route=\/wp\/v2\/pages\/6076","targetHints":{"allow":["GET"]}}],"collection":[{"href":"https:\/\/amministrazionetrasparente.uniroma2.it\/index.php?rest_route=\/wp\/v2\/pages"}],"about":[{"href":"https:\/\/amministrazionetrasparente.uniroma2.it\/index.php?rest_route=\/wp\/v2\/types\/page"}],"author":[{"embeddable":true,"href":"https:\/\/amministrazionetrasparente.uniroma2.it\/index.php?rest_route=\/wp\/v2\/users\/1"}],"replies":[{"embeddable":true,"href":"https:\/\/amministrazionetrasparente.uniroma2.it\/index.php?rest_route=%2Fwp%2Fv2%2Fcomments&post=6076"}],"version-history":[{"count":154,"href":"https:\/\/amministrazionetrasparente.uniroma2.it\/index.php?rest_route=\/wp\/v2\/pages\/6076\/revisions"}],"predecessor-version":[{"id":11991,"href":"https:\/\/amministrazionetrasparente.uniroma2.it\/index.php?rest_route=\/wp\/v2\/pages\/6076\/revisions\/11991"}],"up":[{"embeddable":true,"href":"https:\/\/amministrazionetrasparente.uniroma2.it\/index.php?rest_route=\/wp\/v2\/pages\/156"}],"wp:attachment":[{"href":"https:\/\/amministrazionetrasparente.uniroma2.it\/index.php?rest_route=%2Fwp%2Fv2%2Fmedia&parent=6076"}],"curies":[{"name":"wp","href":"https:\/\/api.w.org\/{rel}","templated":true}]}}