{"id":9223,"date":"2021-12-05T16:49:04","date_gmt":"2021-12-05T15:49:04","guid":{"rendered":"http:\/\/amministrazionetrasparente.uniroma2.it\/?page_id=9223"},"modified":"2022-10-18T09:27:28","modified_gmt":"2022-10-18T07:27:28","slug":"prof-alessandro-mechelli","status":"publish","type":"page","link":"https:\/\/amministrazionetrasparente.uniroma2.it\/?page_id=9223","title":{"rendered":"Prof. Alessandro Mechelli"},"content":{"rendered":"<h1>Direttore del dipartimento di Management e Diritto<\/h1>\n<h1>(D.R. n. 2302\/2021 &#8211; dall\u20191.11.2021 al 31.10.2024)<\/h1>\n<p><a href=\"http:\/\/amministrazionetrasparente.uniroma2.it\/wp-content\/uploads\/2022\/10\/Curriculum-Alessandro-Mechelli.pdf\"><strong>Curriculum vitae<\/strong><\/a><\/p>\n<p><strong>Spese per missioni<br \/>\n<\/strong><a href=\"http:\/\/amministrazionetrasparente.uniroma2.it\/wp-content\/uploads\/2022\/10\/2.Dich_.-Missioni-2.pdf\">Missioni 2022<\/a><\/p>\n<p><strong>Dichiarazioni altre cariche ed incarichi<br \/>\n<\/strong><a href=\"http:\/\/amministrazionetrasparente.uniroma2.it\/wp-content\/uploads\/2022\/10\/3.Altre-cariche-e-incarichi-2.pdf\">Incarichi 2022<\/a><\/p>\n<p><strong>Dichiarazione di inconferibilit\u00e0 e incompatibilit\u00e0<br \/>\n<\/strong><a href=\"http:\/\/amministrazionetrasparente.uniroma2.it\/wp-content\/uploads\/2022\/10\/4.Inconferibilit\u251ca-e-incompatibilit\u251ca.pdf\">Inconferibilit\u00e0 e incompatibilit\u00e0 2022<\/a><\/p>\n<p>&nbsp;<\/p>\n","protected":false},"excerpt":{"rendered":"<p>Direttore del dipartimento di Management e Diritto (D.R. n. 2302\/2021 &#8211; dall\u20191.11.2021 al 31.10.2024) Curriculum vitae Spese per missioni Missioni 2022 Dichiarazioni altre cariche ed incarichi Incarichi 2022 Dichiarazione di inconferibilit\u00e0 e incompatibilit\u00e0 Inconferibilit\u00e0 e incompatibilit\u00e0 2022 &nbsp;<\/p>\n","protected":false},"author":1,"featured_media":0,"parent":0,"menu_order":0,"comment_status":"closed","ping_status":"closed","template":"","meta":{"footnotes":""},"class_list":["post-9223","page","type-page","status-publish","hentry"],"_links":{"self":[{"href":"https:\/\/amministrazionetrasparente.uniroma2.it\/index.php?rest_route=\/wp\/v2\/pages\/9223","targetHints":{"allow":["GET"]}}],"collection":[{"href":"https:\/\/amministrazionetrasparente.uniroma2.it\/index.php?rest_route=\/wp\/v2\/pages"}],"about":[{"href":"https:\/\/amministrazionetrasparente.uniroma2.it\/index.php?rest_route=\/wp\/v2\/types\/page"}],"author":[{"embeddable":true,"href":"https:\/\/amministrazionetrasparente.uniroma2.it\/index.php?rest_route=\/wp\/v2\/users\/1"}],"replies":[{"embeddable":true,"href":"https:\/\/amministrazionetrasparente.uniroma2.it\/index.php?rest_route=%2Fwp%2Fv2%2Fcomments&post=9223"}],"version-history":[{"count":5,"href":"https:\/\/amministrazionetrasparente.uniroma2.it\/index.php?rest_route=\/wp\/v2\/pages\/9223\/revisions"}],"predecessor-version":[{"id":10183,"href":"https:\/\/amministrazionetrasparente.uniroma2.it\/index.php?rest_route=\/wp\/v2\/pages\/9223\/revisions\/10183"}],"wp:attachment":[{"href":"https:\/\/amministrazionetrasparente.uniroma2.it\/index.php?rest_route=%2Fwp%2Fv2%2Fmedia&parent=9223"}],"curies":[{"name":"wp","href":"https:\/\/api.w.org\/{rel}","templated":true}]}}