{"id":9228,"date":"2021-12-05T17:19:24","date_gmt":"2021-12-05T16:19:24","guid":{"rendered":"http:\/\/amministrazionetrasparente.uniroma2.it\/?page_id=9228"},"modified":"2023-05-04T16:12:05","modified_gmt":"2023-05-04T14:12:05","slug":"prof-renato-baciocchi","status":"publish","type":"page","link":"https:\/\/amministrazionetrasparente.uniroma2.it\/?page_id=9228","title":{"rendered":"Prof. Renato Baciocchi"},"content":{"rendered":"<h1>Direttore del dipartimento diIngegneria Civile e Ingegneria Informatica<\/h1>\n<h1>(D.R. n. 1544\/2021 &#8211; dal 30.6.2021 al 31.10.2024)<\/h1>\n<p><a href=\"http:\/\/amministrazionetrasparente.uniroma2.it\/wp-content\/uploads\/2023\/05\/BACIOCCHI-CV.pdf\"><strong>Curriculum vitae<\/strong><\/a><\/p>\n<p><strong>Spese per missioni<br \/>\n<\/strong><a href=\"http:\/\/amministrazionetrasparente.uniroma2.it\/wp-content\/uploads\/2023\/05\/BACIOCCHI-MISSIONI.pdf\">Missioni 2022<\/a><br \/>\n<a href=\"http:\/\/amministrazionetrasparente.uniroma2.it\/wp-content\/uploads\/2023\/05\/Dichiarazione-art.-14-1.pdf\">Missioni 2021<\/a><\/p>\n<p><strong>Dichiarazioni altre cariche ed incarichi<br \/>\n<\/strong><a href=\"http:\/\/amministrazionetrasparente.uniroma2.it\/wp-content\/uploads\/2023\/05\/BACIOCCHI-ALTRE-CARICHE-E-INCARICHI.pdf\">Incarichi 2022<\/a><br \/>\n<a href=\"http:\/\/amministrazionetrasparente.uniroma2.it\/wp-content\/uploads\/2023\/05\/Dichiarazione-cariche-incarichi-1.pdf\">Incarichi 2021<\/a><\/p>\n<p><strong>Dichiarazione di inconferibilit\u00e0 e incompatibilit\u00e0<br \/>\n<\/strong><a href=\"http:\/\/amministrazionetrasparente.uniroma2.it\/wp-content\/uploads\/2023\/05\/Dichiarazione-art20-002.pdf\">Inconferibilit\u00e0 e incompatibilit\u00e0 2022<\/a><br \/>\n<a href=\"http:\/\/amministrazionetrasparente.uniroma2.it\/wp-content\/uploads\/2023\/05\/Dichiarazione-art.20-1-1.pdf\">Inconferibilit\u00e0 e incompatibilit\u00e0 2021<\/a><\/p>\n<p>&nbsp;<\/p>\n","protected":false},"excerpt":{"rendered":"<p>Direttore del dipartimento diIngegneria Civile e Ingegneria Informatica (D.R. n. 1544\/2021 &#8211; dal 30.6.2021 al 31.10.2024) Curriculum vitae Spese per missioni Missioni 2022 Missioni 2021 Dichiarazioni altre cariche ed incarichi Incarichi 2022 Incarichi 2021 Dichiarazione di inconferibilit\u00e0 e incompatibilit\u00e0 Inconferibilit\u00e0 &hellip; <a href=\"https:\/\/amministrazionetrasparente.uniroma2.it\/?page_id=9228\">Continua a leggere<span class=\"meta-nav\">&rarr;<\/span><\/a><\/p>\n","protected":false},"author":1,"featured_media":0,"parent":0,"menu_order":0,"comment_status":"closed","ping_status":"closed","template":"","meta":{"footnotes":""},"class_list":["post-9228","page","type-page","status-publish","hentry"],"_links":{"self":[{"href":"https:\/\/amministrazionetrasparente.uniroma2.it\/index.php?rest_route=\/wp\/v2\/pages\/9228","targetHints":{"allow":["GET"]}}],"collection":[{"href":"https:\/\/amministrazionetrasparente.uniroma2.it\/index.php?rest_route=\/wp\/v2\/pages"}],"about":[{"href":"https:\/\/amministrazionetrasparente.uniroma2.it\/index.php?rest_route=\/wp\/v2\/types\/page"}],"author":[{"embeddable":true,"href":"https:\/\/amministrazionetrasparente.uniroma2.it\/index.php?rest_route=\/wp\/v2\/users\/1"}],"replies":[{"embeddable":true,"href":"https:\/\/amministrazionetrasparente.uniroma2.it\/index.php?rest_route=%2Fwp%2Fv2%2Fcomments&post=9228"}],"version-history":[{"count":12,"href":"https:\/\/amministrazionetrasparente.uniroma2.it\/index.php?rest_route=\/wp\/v2\/pages\/9228\/revisions"}],"predecessor-version":[{"id":10690,"href":"https:\/\/amministrazionetrasparente.uniroma2.it\/index.php?rest_route=\/wp\/v2\/pages\/9228\/revisions\/10690"}],"wp:attachment":[{"href":"https:\/\/amministrazionetrasparente.uniroma2.it\/index.php?rest_route=%2Fwp%2Fv2%2Fmedia&parent=9228"}],"curies":[{"name":"wp","href":"https:\/\/api.w.org\/{rel}","templated":true}]}}