{"id":9242,"date":"2021-12-05T17:31:23","date_gmt":"2021-12-05T16:31:23","guid":{"rendered":"http:\/\/amministrazionetrasparente.uniroma2.it\/?page_id=9242"},"modified":"2022-10-18T09:57:17","modified_gmt":"2022-10-18T07:57:17","slug":"prof-ssa-lucia-ceci","status":"publish","type":"page","link":"https:\/\/amministrazionetrasparente.uniroma2.it\/?page_id=9242","title":{"rendered":"Prof.ssa Lucia Ceci"},"content":{"rendered":"<h1>Direttore del dipartimento di Storia, Patrimonio culturale, Formazione e Societ\u00e0 (D.R. n. 2294\/2021 &#8211; dall\u20191.11.2021 al 31.10.2024)<\/h1>\n<h1><a href=\"http:\/\/amministrazionetrasparente.uniroma2.it\/wp-content\/uploads\/2022\/10\/Curriculum-CECI_ITA.pdf\">Curriculum vitae<\/a><\/h1>\n<p><strong>Spese per missioni<br \/>\n<\/strong><a href=\"http:\/\/amministrazionetrasparente.uniroma2.it\/wp-content\/uploads\/2022\/10\/Missioni-1.pdf\">Missioni 2021<\/a><\/p>\n<p><strong>Dichiarazioni altre cariche ed incarichi<br \/>\n<\/strong><a href=\"http:\/\/amministrazionetrasparente.uniroma2.it\/wp-content\/uploads\/2022\/10\/Ceci_-Modulo-1-Altre-cariche-e-incarichi.pdf\">Incarichi 2021<\/a><\/p>\n<p><strong>Dichiarazione di inconferibilit\u00e0 e incompatibilit\u00e0<br \/>\n<\/strong><a href=\"http:\/\/amministrazionetrasparente.uniroma2.it\/wp-content\/uploads\/2022\/10\/Ceci_Modulo-2-Inconferibilita-e-incompatibilita-.pdf\">Inconferibilit\u00e0 e incompatibilit\u00e0\u00a0 2021<\/a><\/p>\n<p>&nbsp;<\/p>\n","protected":false},"excerpt":{"rendered":"<p>Direttore del dipartimento di Storia, Patrimonio culturale, Formazione e Societ\u00e0 (D.R. n. 2294\/2021 &#8211; dall\u20191.11.2021 al 31.10.2024) Curriculum vitae Spese per missioni Missioni 2021 Dichiarazioni altre cariche ed incarichi Incarichi 2021 Dichiarazione di inconferibilit\u00e0 e incompatibilit\u00e0 Inconferibilit\u00e0 e incompatibilit\u00e0\u00a0 2021 &hellip; <a href=\"https:\/\/amministrazionetrasparente.uniroma2.it\/?page_id=9242\">Continua a leggere<span class=\"meta-nav\">&rarr;<\/span><\/a><\/p>\n","protected":false},"author":1,"featured_media":0,"parent":0,"menu_order":0,"comment_status":"closed","ping_status":"closed","template":"","meta":{"footnotes":""},"class_list":["post-9242","page","type-page","status-publish","hentry"],"_links":{"self":[{"href":"https:\/\/amministrazionetrasparente.uniroma2.it\/index.php?rest_route=\/wp\/v2\/pages\/9242","targetHints":{"allow":["GET"]}}],"collection":[{"href":"https:\/\/amministrazionetrasparente.uniroma2.it\/index.php?rest_route=\/wp\/v2\/pages"}],"about":[{"href":"https:\/\/amministrazionetrasparente.uniroma2.it\/index.php?rest_route=\/wp\/v2\/types\/page"}],"author":[{"embeddable":true,"href":"https:\/\/amministrazionetrasparente.uniroma2.it\/index.php?rest_route=\/wp\/v2\/users\/1"}],"replies":[{"embeddable":true,"href":"https:\/\/amministrazionetrasparente.uniroma2.it\/index.php?rest_route=%2Fwp%2Fv2%2Fcomments&post=9242"}],"version-history":[{"count":7,"href":"https:\/\/amministrazionetrasparente.uniroma2.it\/index.php?rest_route=\/wp\/v2\/pages\/9242\/revisions"}],"predecessor-version":[{"id":10228,"href":"https:\/\/amministrazionetrasparente.uniroma2.it\/index.php?rest_route=\/wp\/v2\/pages\/9242\/revisions\/10228"}],"wp:attachment":[{"href":"https:\/\/amministrazionetrasparente.uniroma2.it\/index.php?rest_route=%2Fwp%2Fv2%2Fmedia&parent=9242"}],"curies":[{"name":"wp","href":"https:\/\/api.w.org\/{rel}","templated":true}]}}