{"id":9257,"date":"2021-12-05T17:47:33","date_gmt":"2021-12-05T16:47:33","guid":{"rendered":"http:\/\/amministrazionetrasparente.uniroma2.it\/?page_id=9257"},"modified":"2024-06-07T13:30:23","modified_gmt":"2024-06-07T11:30:23","slug":"prof-ssa-antonella-canini","status":"publish","type":"page","link":"https:\/\/amministrazionetrasparente.uniroma2.it\/?page_id=9257","title":{"rendered":"Prof.ssa Antonella Canini"},"content":{"rendered":"<h1>Direttore del dipartimento di\u00a0Biologia<\/h1>\n<h1>(D.R. n. 2295\/2021 &#8211; dall\u20191.11.2021 al 31.10.2024)<\/h1>\n<h1><a href=\"http:\/\/amministrazionetrasparente.uniroma2.it\/wp-content\/uploads\/2024\/06\/Canini_CV-EUROPEO.pdf\"><strong>Curriculum vitae<\/strong><\/a><\/h1>\n<p><strong>Dichiarazioni<\/strong><\/p>\n<p><strong>Spese per missioni<\/strong><br \/>\n<a href=\"http:\/\/amministrazionetrasparente.uniroma2.it\/wp-content\/uploads\/2024\/06\/1._MISSIONI_signed.pdf\">Missioni 2023<\/a><\/p>\n<p><strong>Dichiarazioni altre cariche ed incarichi<\/strong><br \/>\n<a href=\"http:\/\/amministrazionetrasparente.uniroma2.it\/wp-content\/uploads\/2024\/06\/2._ALTRE_CARICHE_E_INCARICHI_signed.pdf\">Incarichi 2023<\/a><strong><br \/>\n<\/strong><\/p>\n<p><strong>Dichiarazione di inconferibilit\u00e0 e incompatibilit\u00e0<\/strong><br \/>\n<a href=\"http:\/\/amministrazionetrasparente.uniroma2.it\/wp-content\/uploads\/2024\/06\/3._INCOMPATIBILITA__signed.pdf\">Inconferibilit\u00e0 e incompatibilit\u00e0 2023<\/a><\/p>\n<p>&nbsp;<\/p>\n","protected":false},"excerpt":{"rendered":"<p>Direttore del dipartimento di\u00a0Biologia (D.R. n. 2295\/2021 &#8211; dall\u20191.11.2021 al 31.10.2024) Curriculum vitae Dichiarazioni Spese per missioni Missioni 2023 Dichiarazioni altre cariche ed incarichi Incarichi 2023 Dichiarazione di inconferibilit\u00e0 e incompatibilit\u00e0 Inconferibilit\u00e0 e incompatibilit\u00e0 2023 &nbsp;<\/p>\n","protected":false},"author":1,"featured_media":0,"parent":0,"menu_order":0,"comment_status":"closed","ping_status":"closed","template":"","meta":{"footnotes":""},"class_list":["post-9257","page","type-page","status-publish","hentry"],"_links":{"self":[{"href":"https:\/\/amministrazionetrasparente.uniroma2.it\/index.php?rest_route=\/wp\/v2\/pages\/9257","targetHints":{"allow":["GET"]}}],"collection":[{"href":"https:\/\/amministrazionetrasparente.uniroma2.it\/index.php?rest_route=\/wp\/v2\/pages"}],"about":[{"href":"https:\/\/amministrazionetrasparente.uniroma2.it\/index.php?rest_route=\/wp\/v2\/types\/page"}],"author":[{"embeddable":true,"href":"https:\/\/amministrazionetrasparente.uniroma2.it\/index.php?rest_route=\/wp\/v2\/users\/1"}],"replies":[{"embeddable":true,"href":"https:\/\/amministrazionetrasparente.uniroma2.it\/index.php?rest_route=%2Fwp%2Fv2%2Fcomments&post=9257"}],"version-history":[{"count":4,"href":"https:\/\/amministrazionetrasparente.uniroma2.it\/index.php?rest_route=\/wp\/v2\/pages\/9257\/revisions"}],"predecessor-version":[{"id":11232,"href":"https:\/\/amministrazionetrasparente.uniroma2.it\/index.php?rest_route=\/wp\/v2\/pages\/9257\/revisions\/11232"}],"wp:attachment":[{"href":"https:\/\/amministrazionetrasparente.uniroma2.it\/index.php?rest_route=%2Fwp%2Fv2%2Fmedia&parent=9257"}],"curies":[{"name":"wp","href":"https:\/\/api.w.org\/{rel}","templated":true}]}}